isor of 1521 and 195.
39
Calculate the highest common factor of 209 and 95.
19
Calculate the highest common factor of 210 and 14.
14
Calculate the highest common divisor of 1703 and 262.
131
Calculate the highest common factor of 15 and 25.
5
Calculate the highest common factor of 15 and 1065.
15
Calculate the highest common factor of 63 and 18207.
63
Calculate the highest common divisor of 38529 and 81.
27
What is the highest common divisor of 3077 and 17?
17
What is the highest common factor of 10 and 230?
10
Calculate the greatest common factor of 1345 and 65.
5
What is the greatest common factor of 34 and 17?
17
Calculate the highest common factor of 2756 and 364.
52
Calculate the greatest common factor of 14 and 1134.
14
Calculate the highest common factor of 73 and 2117.
73
What is the highest common divisor of 1711 and 59?
59
What is the highest common factor of 864 and 360?
72
Calculate the highest common factor of 352 and 2156.
44
What is the highest common divisor of 22 and 22?
22
What is the highest common factor of 915 and 30?
15
Calculate the greatest common factor of 1696 and 28408.
424
Calculate the highest common factor of 10 and 1030.
10
What is the greatest common factor of 2303 and 49?
49
What is the greatest common divisor of 245 and 945?
35
Calculate the greatest common factor of 1639 and 11.
11
Calculate the highest common divisor of 56 and 2758.
14
Calculate the greatest common factor of 190 and 10.
10
What is the greatest common divisor of 606 and 18?
6
What is the highest common divisor of 45 and 4920?
15
Calculate the greatest common factor of 2331 and 74.
37
What is the highest common divisor of 416 and 96?
32
What is the highest common factor of 72 and 28?
4
Calculate the highest common factor of 672 and 147.
21
What is the highest common divisor of 667 and 115?
23
What is the highest common factor of 166 and 83?
83
What is the highest common factor of 2 and 1135?
1
What is the highest common factor of 1 and 53?
1
What is the highest common factor of 162 and 72?
18
What is the highest common divisor of 138 and 18?
6
Calculate the greatest common divisor of 128 and 368.
16
Calculate the greatest common divisor of 630 and 70.
70
Calculate the greatest common factor of 2431 and 572.
143
What is the highest common divisor of 256 and 1264?
16
What is the highest common factor of 184 and 16?
8
What is the greatest common divisor of 90 and 255?
15
Calculate the greatest common factor of 30074 and 22.
22
What is the highest common factor of 21 and 30?
3
Calculate the highest common divisor of 7296 and 19.
19
What is the highest common divisor of 276 and 644?
92
What is the greatest common divisor of 1479 and 6?
3
What is the greatest common factor of 2704 and 112?
16
Calculate the highest common divisor of 40 and 10.
10
Calculate the greatest common factor of 376 and 72.
8
What is the greatest common divisor of 88 and 968?
88
Calculate the highest common divisor of 22082 and 362.
362
What is the highest common divisor of 5509 and 7?
7
What is the greatest common factor of 4732 and 84?
28
What is the greatest common factor of 8 and 472?
8
What is the highest common factor of 88221 and 21?
21
Calculate the greatest common divisor of 459 and 357.
51
Calculate the highest common factor of 5655 and 975.
195
Calculate the highest common divisor of 273 and 1491.
21
What is the highest common divisor of 4 and 2?
2
Calculate the greatest common factor of 30 and 4890.
30
Calculate the greatest common factor of 162 and 10368.
162
Calculate the highest common factor of 32 and 296.
8
What is the greatest common divisor of 40 and 6420?
20
What is the greatest common factor of 595 and 35?
35
What is the highest common divisor of 65 and 10?
5
What is the greatest common divisor of 69 and 2323?
23
Calculate the greatest common factor of 108 and 24.
12
What is the greatest common factor of 105 and 14955?
15
What is the highest common divisor of 2495 and 110?
5
What is the highest common factor of 52 and 4?
4
Calculate the greatest common factor of 162 and 72.
18
Calculate the highest common factor of 672 and 2976.
96
What is the greatest common factor of 303 and 4949?
101
Calculate the greatest common divisor of 27874 and 154.
154
What is the greatest common factor of 25 and 800?
25
Calculate the greatest common divisor of 1349 and 76.
19
Calculate the greatest common divisor of 135 and 7155.
135
What is the greatest common divisor of 65 and 416?
13
Calculate the greatest common factor of 14096 and 80.
16
What is the greatest common divisor of 11 and 14498?
11
Calculate the greatest common divisor of 1312 and 3772.
164
What is the highest common divisor of 100 and 1350?
50
What is the greatest common divisor of 113 and 12656?
113
Calculate the greatest common divisor of 96 and 3888.
48
Calculate the highest common factor of 2159 and 381.
127
What is the greatest common divisor of 10455 and 153?
51
Calculate the highest common divisor of 23 and 46.
23
Calculate the highest common factor of 86 and 64629.
43
What is the greatest common divisor of 789 and 24?
3
Calculate the highest common factor of 48 and 4668.
12
What is the greatest common factor of 20 and 92?
4
Calculate the highest common divisor of 244 and 183.
61
What is the highest common factor of 112 and 24?
8
What is the highest common divisor of 80 and 440?
40
What is the highest common divisor of 88138 and 254?
254
Calculate the greatest common factor of 57 and 1216.
19
What is the highest common factor of 27 and 189?
27
Calculate the highest common factor of 65 and 2015.
65
What is the greatest common factor of 1056 and 192?
96
What is the highest common factor of 275 and 561?
11
What is the greatest common factor of 66 and 15?
3
What is the highest common divisor of 126 and 342?
18
What is the greatest common divisor of 264 and 858?
66
Calculate the greatest common divisor of 195 and 39.
39
What is the highest common factor of 17120 and 160?
160
Calculate the highest common divisor of 66 and 33.
33
Calculate the highest common divisor of 99 and 33.
33
What is the greatest common divisor of 8544 and 96?
96
What is the highest common factor of 119 and 68?
17
Calculate the greatest common factor of 513 and 27.
27
Calculate the highest common divisor of 84 and 1400.
28
Calculate the greatest common factor of 30 and 2514.
6
Calculate the greatest common factor of 652 and 163.
163
What is the greatest common factor of 1053 and 486?
81
Calculate the highest common factor of 8 and 19192.
8
Calculate the highest common factor of 7137 and 27.
9
Calculate the greatest common divisor of 645 and 135.
15
Calculate the highest common factor of 3447 and 27.
9
Calculate the greatest common divisor of 2 and 106.
2
Calculate the highest common factor of 22 and 638.
22
What is the greatest common divisor of 104 and 3328?
104
What is the greatest common divisor of 483 and 252?
21
Calculate the greatest common divisor of 349 and 1.
1
Calculate the greatest common factor of 55 and 9845.
55
What is the highest common factor of 1722 and 798?
42
Calculate the highest common factor of 1368 and 144.
72
What is the highest common factor of 217 and 14?
7
What is the greatest common factor of 84 and 4935?
21
What is the greatest common factor of 128 and 9088?
128
Calculate the greatest common factor of 24 and 36.
12
Calculate the highest common factor of 714 and 42.
42
Calculate the highest common divisor of 408 and 51.
51
Calculate the highest common factor of 3886 and 87.
29
Calculate the greatest common factor of 62673 and 39.
39
What is the greatest common divisor of 280 and 360?
40
Calculate the highest common divisor of 108 and 27.
27
Calculate the highest common divisor of 22 and 2.
2
What is the highest common divisor of 17 and 391?
17
Calculate the highest common factor of 455 and 280.
35
Calculate the greatest common divisor of 10775 and 50.
25
What is the greatest common factor of 20 and 1370?
10
What is the highest common divisor of 45 and 5625?
45
What is the greatest common divisor of 89 and 1246?
89
What is the highest common factor of 144 and 9?
9
What is the highest common divisor of 315 and 285?
15
Calculate the greatest common divisor of 41890 and 10.
10
What is the greatest common facto